0 (base 5) to base 15
1da
5e (base 15) to base 2
1011001
What is 15140 (base 7) in base 12?
2515
110054 (base 8) to base 11
25803
52305 (base 6) to base 7
26324
ccb (base 14) to base 8
4743
Convert 25014 (base 7) to base 11.
49a5
Convert 185a (base 13) to base 12.
2120
3676 (base 13) to base 16
1e16
What is 401031 (base 5) in base 13?
59a5
Convert -21022 (base 5) to base 3.
-1220101
Convert -ae (base 15) to base 7.
-323
48 (base 9) to base 14
32
What is -b954 (base 12) in base 9?
-30841
What is -42a2 (base 12) in base 7?
-30230
Convert -112012011 (base 3) to base 12.
-5ba1
What is -1b51 (base 14) in base 5?
-124341
What is 7207 (base 8) in base 11?
2881
Convert -b74 (base 12) to base 9.
-2257
Convert -813a (base 14) to base 4.
-11122320
Convert 1100111110010 (base 2) to base 5.
203032
What is -550 (base 10) in base 3?
-202101
What is 26366 (base 7) in base 4?
1232033
Convert 100101110100 (base 2) to base 5.
34140
What is -34403 (base 5) in base 15?
-b03
Convert -217 (base 16) to base 13.
-322
Convert 77 (base 14) to base 16.
69
-121021011 (base 3) to base 2
-10111001010001
-a0 (base 12) to base 4
-1320
-156513 (base 7) to base 5
-1444000
-320422 (base 6) to base 16
-65de
What is 1001213 (base 4) in base 7?
15146
What is 1650 (base 13) in base 6?
23100
What is 10001100010010101 (base 2) in base 15?
16439
Convert 3b4 (base 12) to base 13.
349
Convert -a03 (base 11) to base 13.
-724
What is -321 (base 8) in base 5?
-1314
-bde (base 16) to base 3
-11011112
What is 245022 (base 7) in base 8?
127625
-1011010100111 (base 2) to base 9
-7853
What is -2d77 (base 15) in base 11?
-7398
434 (base 6) to base 5
1131
Convert 105362 (base 7) to base 13.
8696
-81a2 (base 12) to base 2
-11011100001010
Convert -4345 (base 11) to base 12.
-33a0
-1234414 (base 5) to base 13
-b11a
What is -10000110010001000 (base 2) in base 16?
-10c88
What is 13001 (base 10) in base 13?
5bc1
What is 103563 (base 7) in base 9?
26770
Convert 594 (base 11) to base 5.
10313
Convert 456 (base 11) to base 14.
2ad
1750 (base 10) to base 16
6d6
8258 (base 9) to base 13
29a2
Convert -1654 (base 7) to base 6.
-3044
What is 111100101 (base 2) in base 4?
13211
-21000221 (base 3) to base 6
-35424
What is -123001 (base 4) in base 2?
-11011000001
Convert 122022 (base 3) to base 2.
111010011
Convert 4233 (base 6) to base 8.
1675
-10002131 (base 4) to base 16
-409d
What is -10202 (base 5) in base 3?
-221002
Convert 4339 (base 16) to base 8.
41471
163 (base 8) to base 5
430
-232224 (base 5) to base 13
-3ac2
What is 31a (base 11) in base 2?
110000000
Convert 413 (base 7) to base 16.
ce
Convert -100111011100 (base 2) to base 13.
-11c2
Convert -325 (base 10) to base 2.
-101000101
Convert 30103 (base 5) to base 10.
1903
Convert -101341 (base 5) to base 2.
-110100010010
Convert 9239 (base 12) to base 4.
3320031
What is 15b7 (base 16) in base 2?
1010110110111
Convert 110300 (base 4) to base 13.
7b2
Convert 35115 (base 8) to base 5.
434200
What is -1012220 (base 3) in base 11?
-738
Convert -16155 (base 7) to base 14.
-192c
What is 1302031 (base 4) in base 16?
1c8d
What is 51a (base 12) in base 5?
10432
Convert 11011010000 (base 2) to base 10.
1744
-132364 (base 8) to base 5
-2440244
Convert 20220121 (base 3) to base 4.
1032232
Convert 82768 (base 9) to base 16.
d52f
32749 (base 10) to base 14
bd13
30 (base 15) to base 11
41
What is -564 (base 13) in base 3?
-1021100
Convert 138 (base 14) to base 11.
204
Convert 247 (base 16) to base 10.
583
What is -1454 (base 7) in base 9?
-712
What is 450 (base 9) in base 10?
369
Convert 22436 (base 10) to base 13.
a29b
Convert -12330 (base 4) to base 11.
-374
Convert -5502 (base 14) to base 16.
-396e
-9716 (base 12) to base 7
-66222
Convert -b9 (base 15) to base 10.
-174
Convert -19cc (base 14) to base 8.
-11120
-23d45 (base 14) to base 4
-111121321
Convert -205b (base 12) to base 3.
-11211122
Convert -724 (base 10) to base 12.
-504
What is 1010100001 (base 2) in base 11?
562
-3010 (base 5) to base 10
-380
Convert -18289 (base 10) to base 16.
-4771
-142453 (base 6) to base 5
-413234
2230 (base 7) to base 16
325
48 (base 12) to base 7
110
What is -414 (base 5) in base 14?
-7b
What is 111366 (base 8) in base 13?
14180
-3242013 (base 5) to base 16
-da4b
-113220 (base 4) to base 12
-a60
Convert -4453 (base 6) to base 14.
-545
Convert -84 (base 11) to base 16.
-5c
What is -1514 (base 10) in base 8?
-2752
What is 879 (base 12) in base 7?
3426
What is -8772 (base 14) in base 8?
-55600
Convert 8e52 (base 15) to base 10.
30227
What is 61 (base 15) in base 4?
1123
Convert 132002 (base 4) to base 6.
12522
30b6 (base 16) to base 11
9407
What is -2473 (base 9) in base 7?
-5250
Convert -1121002 (base 3) to base 16.
-48b
Convert 12520 (base 8) to base 11.
4110
Convert -466 (base 10) to base 9.
-567
Convert 218a (base 13) to base 3.
20102020
Convert -18192 (base 14) to base 8.
-166424
-55432 (base 6) to base 12
-4578
What is -3a01 (base 12) in base 7?
-25213
Convert de3 (base 15) to base 14.
1202
12000211 (base 3) to base 6
24551
Convert -10aaa (base 11) to base 12.
-92ab
What is 3353 (base 7) in base 9?
1588
What is 10000 (base 2) in base 9?
17
What is -10110010001110 (base 2) in base 14?
-422a
Convert 1011111100010 (base 2) to base 12.
3656
1371 (base 8) to base 12
535
Convert -103 (base 12) to base 11.
-124
What is -10131 (base 6) in base 4?
-111013
Convert -a34 (base 11) to base 5.
-14442
Convert 6021 (base 7) to base 10.
2073
What is -6b6 (base 14) in base 11?
-1005
10023221 (base 4) to base 12
9ab5
Convert -3b12 (base 15) to base 6.
-134225
-3540 (base 7) to base 11
-a84
Convert -1140003 (base 5) to base 10.
-21253
What is 2227 (base 8) in base 11?
979
Convert -99 (base 14) to base 13.
-a5
What is -13212 (base 4) in base 8?
-746
What is 1c1 (base 13) in base 7?
644
What is 57978 (base 11) in base 16?
146f0
Convert -1cc (base 16) to base 4.
-13030
Convert 1112112 (base 3) to base 14.
5a1
Convert 3170 (base 11) to base 4.
1001133
Convert -4530 (base 7) to base 15.
-743
Convert 137c (base 16) to base 6.
35032
What is 35301 (base 7) in base 16?
236a
Convert 207 (base 14) to base 16.
18f
What is -45812 (base 9) in base 8?
-73524
Convert 160 (base 13) to base 8.
367
What is -34092 (base 11) in base 16?
-c0c4
What is -1564 (base 7) in base 4?
-21322
Convert -110010111001 (base 2) to base 4.
-302321
Convert 11011001110 (base 2) to base 7.
5036
10410 (base 6) to base 9
1876
-1014 (base 8) to base 6
-2232
Convert -17666 (base 14) to base 13.
-20a60
Convert -100221021 (base 3) to base 14.
-28d5
-313012 (base 4) to base 3
-11211121
-100100100 (base 2) to base 15
-147
What is 4069 (base 12) in base 13?
324c
4758 (base 14) to base 15
3a36
What is 213030 (base 5) in base 3?
100222002
-4405 (base 10) to base 2
-1000100110101
Convert -f19 (base 16) to base 11.
-29a4
665 (base 7) to base 9
418
Convert 377 (base 10) to base 6.
1425
What is 10a7c (base 13) in base 9?
45566
What is -331 (base 10) in base 12?
-237
What is 212013 (base 5) in base 13?
3329
-1022103 (base 4) to base 11
-3633
Convert 59e (base 15) to base 5.
20044
24057 (base 14) to base 2
10101011101001101
What is 145122 (base 6) in base 5?
422330
Convert -423 (base 15) to base 13.
-56a
What is 1002100 (base 3) in base 4?
30120
1626a (base 12) to base 15
94d4
-7055 (base 8) to base 9
-4872
What is 232504 (base 6) in base 11?
14083
502 (base 10) to base 16
1f6
Convert -85 (base 12) to base 11.
-92
Convert -2554 (base 6) to base 2.
-1010000110
Convert 36b (base 12) to base 8.
1003
-2129 (base 11) to base 15
-c79
Convert 2201001012 (base 3) to base 15.
10b9e
Convert 7d7 (base 14) to base 4.
120121
-10100212 (base 3) to base 13
-1169
What is 2112002100 (base 3) in base 9?
75070
110111001010 (base 2) to base 15
10a5
What is -245 (base 10) in base 15?
-115
Convert -742 (base 16) to base 5.
-24413
What is -4603 (base 8) in base 2?
-100110000011
What is -590 (base 16) in base 7?
-4103
What is 1030 (base 4) in base 16?
4c
-75 (base 16) to base 7
-225
What is 114dd (base 14) in base 2?
1010010010011011
Convert -33201300 (base 4) to base 16.
-f870
Convert -273 (base 10) to base 12.
-1a9
What is -53145 (base 6) in base 14?
-289b
What is -240232 (base 5) in base 13?
-4023
10100010110 (base 2) to base 7
3540
Convert 10010110111 (base 2) to base 13